i + n = 2*i - o, -i + 4*o - 3 = 0. Give l(i).
-4
Let r(d) = 12*d**3 - d**2 - d + 8. Let o(l) = -12*l**3 + l**2 + l - 7. Let u(j) = 7*o(j) + 6*r(j). Let m = -3306 - -3307. Determine u(m).
-11
Let j(i) = -144*i**2 + 125*i + 655. Let u(x) = -103*x**2 + 83*x + 437. Let r(t) = -5*j(t) + 7*u(t). Give r(-38).
12
Suppose 6 = -9*h + 87. Let k(l) = 8 + 2 - 2*l - h*l**2 + 3*l**2 - 9. Calculate k(1).
-7
Let x(k) = k**2 - 8*k + 7. Suppose -3*s = 4*c - 8 + 93, -2*c - 165 = 5*s. Let r = 44 + s. Calculate x(r).
16
Let f(s) = -3*s**2 - s + 2. Let y(b) = b**2 - 1. Let q(x) = -2*f(x) - 5*y(x). Suppose 7*p - 6*p = 0. Let v be 1*(p - (6 + -2)). What is q(v)?
9
Let g(t) = -t**2 + 10*t + 10. Let l = 167 - 173. Let p be (l/(-4))/(546/132 + -4). Give g(p).
-1
Let j = 10015 + -10016. Let d(c) = 114*c + 108. What is d(j)?
-6
Let m(q) = -1 - 2*q + 0*q - 2 + 3*q + 0 + q**2 + q**3. Let t(z) = -z - 3. Let x be t(-3). What is m(x)?
-3
Let x(z) = 36*z + 2919. Let v(o) = -21*o - 1752. Let q(j) = -18*v(j) - 11*x(j). What is q(-32)?
3
Let u(w) = -w**3 + 8*w**2 + 10*w - 16. Suppose -41*r + 287 = -205. Let h be -5 + 8/r*21. Give u(h).
-7
Let k(h) be the first derivative of 7*h**2/2 + 115. Let f be k(0). Let o(v) = v**2 - 17. What is o(f)?
-17
Suppose -3*a - 4*d - 19 = 0, 5*a = 8*d - 136 + 119. Let i(y) be the third derivative of -y**3 + y**2 + 0*y - 1/120*y**6 - 1/20*y**5 + 0 + 1/4*y**4. Give i(a).
14
Let w(q) = -q**3 + 6*q**2 + 7*q - 20. Let t(g) = -258*g - 1284. Let c be t(-5). Determine w(c).
22
Let d be 0/((-3 - -2)*3). Let o(z) = -6*z - 21. Let w be o(-5). Let x(l) = -l**2 - 23*l + 13*l + 9 + w*l. Calculate x(d).
9
Let f(z) = 2*z + 39. Let b be f(-21). Let c be b + 9 + -3 - 2/1. Let x(t) = -60*t + c - t**2 + 117*t - 57*t. Calculate x(3).
-8
Let c(w) = -w**3 - w + 1. Let j(q) = -2*q**3 + q**2 - q + 1. Let t be (-2 - 68/14)/((-6)/42). Let z be (-4)/(-3)*36/t. Let n(s) = z*c(s) - j(s). Determine n(0).
0
Let x(s) be the second derivative of -3*s**5/20 + s**4/6 + s**3/6 + s**2 - s. Let f be (1176/(-63))/((-2)/(-3)). Let j be 1 + 8 + 21 + f. What is x(j)?
-12
Suppose -46 = -2*h + 2*s, 3*h - s - 53 - 14 = 0. Suppose -4*m + 2*m + h = 0. Suppose -2*y + m - 5 = 0. Let k(n) = n**2 - 2*n - 4. Determine k(y).
-1
Let t = -516 - -517. Let p(z) = -4 - t - 159*z + 158*z. Determine p(-6).
1
Let a = 18936 + -18911. Let m(i) = -i**3 + 27*i**2 - 50*i + 2. Determine m(a).
2
Let k(d) = 2*d - 38. Let u(s) = 2*s - 40. Let q(x) = 4*k(x) - 3*u(x). Give q(10).
-12
Suppose 0 = -4*l + 4*p - 16, p - 12 = 3*l - p. Let t(m) = -6*m**2 - 19 + 7 - m**3 + 9 + 5 + 183*m - 186*m. Give t(l).
-18
Let p(y) = -16*y + 228. Let q = -24361 + 24377. Calculate p(q).
-28
Let a(o) = -89*o**2 - 274*o + 47. Let r(q) = 22*q**2 + 66*q - 11. Let n(k) = -6*a(k) - 25*r(k). What is n(-2)?
-59
Let h = 23021 - 23011. Let y(j) be the second derivative of -j**3/3 + 9*j**2 - 2*j. Determine y(h).
-2
Let l(v) = -4*v + 2. Let k be (25/(-75))/((-1)/(-597)). Let u = -117 - k. Let s = u - 80. Give l(s).
-6
Let t = -43 - -51. Let u(b) = t + b - 4 - 10 - 1. Let x(d) = 6*d - 48. Let h(l) = 15*u(l) - 2*x(l). Give h(6).
9
Let y(i) = 3*i + 42. Let h be ((-2)/(116/203))/((-2)/(-4)). Determine y(h).
21
Let n = -17 + 14. Let g(w) be the first derivative of -w**3/3 - 2*w**2 + 6*w + 1775. Calculate g(n).
9
Let p(b) = b**3 + b**2 - 5*b + 3. Suppose 2*o - 3*o = -n + 5, -15 = -4*o - 3*n. Let v be -4*-2*1/4 - o. Suppose -v = 2*x, 6*x = -2*r + 2*x + 2. What is p(r)?
24
Let k(b) = -2*b + 0 + 3*b + 0*b**2 + 0*b - 1 - 10*b**2. Give k(2).
-39
Let a(w) be the first derivative of -5/2*w**2 + 0*w - 110. Let y(x) = -x + 7. Let j be y(6). Calculate a(j).
-5
Let x be 42/336 + 11/40 - 86/(-10). Let k(n) = -14*n + 134. Calculate k(x).
8
Suppose 12 = 5*g - i - 31, -5*i = g + 7. Suppose -r + g = -p, 0 = -2*p - r - 5 - 14. Let k(l) = -2*l - 12. Calculate k(p).
6
Suppose 4*m - 2*i = -46, -m + 5*i - 13 = 21. Let y(l) be the second derivative of -2/3*l**4 + 13/2*l**2 - 1/20*l**5 + 0 + 11/6*l**3 - 216*l. Determine y(m).
-5
Let f(k) = -6*k + 201. Suppose -17*o + 514 - 73 + 120 = 0. Give f(o).
3
Let d = 2 + 1. Let j be ((-1)/d)/(3/(-36)). Let f(m) be the first derivative of m**4/4 - 2*m**3/3 - 5*m**2/2 - m + 55. What is f(j)?
11
Let i(k) = k**2 - 2*k - 1. Suppose -5*a = -2*m + 14, 8 = -m + 5*m. Calculate i(a).
7
Let y = 94 - 41. Let r be y/11 - (-20)/110. Let t be (2 - 6) + r + 1. Let o(b) = -b**3 + 3*b**2 - 2*b + 2. Calculate o(t).
2
Let t(d) = -29*d**2 + 6*d - 1 + 11*d**3 + 4*d + 6*d + 18*d**2. Let p(r) = -5*r**3 + 5*r**2 - 7*r + 1. Let l(k) = -9*p(k) - 4*t(k). What is l(0)?
-5
Suppose -3*d + 2*r = -4, 0*d - d - 4*r = 8. Let x(t) = t**3 - t**2 + t - 7. Give x(d).
-7
Let t(y) be the third derivative of y**6/60 - 3*y**5/20 + 7*y**4/24 - 5*y**3/3 - 11*y**2 - 149. Calculate t(4).
2
Let k be -2 + (-6)/4*(-176)/(-12). Let t = -24 - k. Let g(v) = -2*v**2 - 3*v - 17. Let w(r) = r**2 + 2*r + 9. Let s(b) = -3*g(b) - 5*w(b). Calculate s(t).
6
Let o(h) = -h**2 + h. Let n(r) = 58 - r**2 - 5*r + 14*r - 118 + 67. Let x be n(10). Determine o(x).
-12
Let d = -3942 - -3931. Let m(k) = 8*k + 57. What is m(d)?
-31
Let c(p) be the second derivative of 6 + 5/2*p**2 + 1/20*p**5 - 1/3*p**3 - 1/3*p**4 - 8*p. Calculate c(4).
-3
Let h(n) = n**2 + n - 10. Let q(z) = -11 + 4*z**2 - 1097*z + 1101*z - 3*z**2. Let i(t) = 6*h(t) - 5*q(t). What is i(14)?
-5
Let z(s) = 17 + s**3 + 74571*s + 0*s**2 - 12*s**2 - 74574*s. Give z(12).
-19
Let p(j) be the second derivative of -j**5/120 + j**4/24 - 3*j**3/2 + 16*j. Let n(l) be the second derivative of p(l). Let o = 74 - 68. What is n(o)?
-5
Let w(l) = 16 + 11 + l**3 + 3 + 11*l - 49. Let x be w(2). Let n(q) = -q**2 + 11*q - 7. Give n(x).
-7
Suppose 82 = -14*u + 55*u. Let k(a) = -7*a**2 - 2*a + 9. Let h(y) = 3*y**2 + y - 5. Let q(g) = u*k(g) + 5*h(g). Calculate q(0).
-7
Let p(o) be the second derivative of -o**3/2 - 2*o**2 + 1466*o. Calculate p(13).
-43
Let c = 85 - 82. Let h be (-3 - -5)*c/12*-2. Let z(g) = 1 - 2*g**2 + 3*g**2 + 15*g - 14*g. Give z(h).
1
Let z = -5614 + 5619. Suppose y - 4 = -2. Let l(v) = 4 - 3 + 3*v - v**y + 0*v**2. Calculate l(z).
-9
Let c(s) = s**3 + 18*s**2 + 13*s - 57. Suppose -2*w = -216*o + 215*o - 7, -2*o - 44 = 2*w. Give c(o).
11
Let k(b) = -b**3 + 4*b**2 + 97*b + 8. Let q be 17 + -34 - -13 - -3*16/(-12). Give k(q).
0
Suppose 379 - 399 = 20*y. Let b(a) = 5*a**3 + 3*a**2 + 7*a + 6. What is b(y)?
-3
Let k be (1*3/(-12))/((-2)/16). Suppose 5*r + k*g = -16, -4*r - g = 12 - 1. Let s(x) = 27*x + 3. What is s(r)?
-51
Let l(y) = y**2 - y - 8. Let t be l(0). Let s = -2 - t. Let o(r) be the second derivative of -r**4/12 + r**3 + 3*r**2/2 + 3154*r. Calculate o(s).
3
Let k(j) = -j**3 + 58*j**2 - 213*j - 167. Let h be k(54). Let b(m) = -2*m**3 - 12*m**2 - 6*m. Give b(h).
-20
Suppose -7*h + 16 = -12. Suppose h*j + z = 15, 32 = 3*j - 5*z - 8. Let u(p) = -2*p**2 + 3*p**2 - j*p - 4 + 5 + 5. What is u(5)?
6
Suppose 3*i - 22 = -3*k + 8, -2*k + 5*i = -20. Let q(d) = 0*d - d - 4 - d + 8*d - k*d. Give q(-3).
8
Let r(b) = -b - 6. Suppose 6*l - 11*l + 45 = 4*t, -3*t - 5 = -4*l. Suppose -4*q - l*g + 9 = 0, 0*g = -4*q - 3*g + 15. Calculate r(q).
-12
Let z(c) be the second derivative of -c**5/20 + c**4/2 + 4*c**3/3 - 2*c**2 + c. Let h = -104428 - -104435. Give z(h).
3
Suppose -5*z + q = -0*q - 58, z = -2*q + 5. Suppose 10*t - z*t - 57 = 0. Let w = t - -52. Let n(y) = -y + 1. Give n(w).
6
Let w(n) = -n**2 - 4*n + 14. Let l be w(6). Let y = l - -49. Let m(b) = -2*b - 5*b**2 + b**3 + 0*b**3 + 4 - 4*b**y + 2*b**3. Determine m(-4).
-4
Let n = 5 + -4. Let w(h) = -2828*h + 1415*h + 1420*h. What is w(n)?
7
Let l(c) be the third derivative of 0*c**3 - 1/120*c**6 + 31*c**2 + 0*c - 1/12*c**4 - 1 + 1/20*c**5. Give l(4).
-24
Let x = 9 + -5. Suppose x*r + 0*r - g + 19 = 0, 27 = -5*r - 2*g. Let p(z) = -19*z**2 + 2*z - 5*z - 5 + 0*z**3 + 14*z**2 - z**3. What is p(r)?
10
Let c be 1*(3 - 2)*-1. Let u(a) be the third derivative of -7*a**4/6 - 2*a**2 + 16144*a + 3. What is u(c)?
28
Suppose p + 2*p = t + 10, 10 = -5*p - 5*t. Let f be (-1710)/(-33) - (-8)/44. Let q(v) = 2*v**3 - 2*v**2 - 14*v - 18*v - 18*v + f*v. Determine q(p).
12
Suppose 0 = g + l + 1, -17 = 2*g + 5*l. Let j(z) = -z**3 - 7*z**2 + z + 1. Let k(m) = -m**3 - m**2 - m - 1. Let u(p) = j(p) - 2*k(p). Determine u(g).
-1
Let 